= -3*j**2 + 14. What is s(-4)?
-34
Let i(y) = -6*y**3 + 322*y**2 + 107*y + 45. What is i(54)?
-9
Let f(v) = 2*v**2 - 30*v + 198. Give f(9).
90
Let h(j) = 33123*j + 165613. What is h(-5)?
-2
Let m(x) = -21*x**2 - 24*x - 5. Determine m(-2).
-41
Let b(j) = 17*j**3 - j**2 - 13*j - 28. Calculate b(-2).
-142
Let y(x) = -51*x - 726. Calculate y(-13).
-63
Let q(s) = 2*s**2 - 107*s + 371. Calculate q(46).
-319
Let v(r) = -r**2 + 37*r - 330. Calculate v(23).
-8
Let n(j) = -214*j + 2783. Determine n(13).
1
Let n(o) = -3*o**2 - 49*o - 15. Calculate n(-16).
1
Let q(c) = -c**2 + 123*c - 1887. What is q(18)?
3
Let y(g) = g**3 + 103*g**2 + 213*g + 1115. What is y(-101)?
4
Let t(m) = -m**3 + 8*m**2 - m + 38. Determine t(-4).
234
Let q(p) = 4*p**3 - 13*p**2 - 66*p - 39. Give q(-5).
-534
Let s(o) = -o**2 + 104*o + 1696. What is s(119)?
-89
Let l(b) = -1232*b - 29571. What is l(-24)?
-3
Let o(f) = -20*f**2 + 18*f + 103. Determine o(-4).
-289
Let d(x) = -x**2 + 3*x + 11. What is d(-11)?
-143
Let z(p) = p**3 - 15*p**2 + 54*p + 11. Calculate z(8).
-5
Let m(l) = 33*l - 1535. Give m(45).
-50
Let x(i) = -i**3 - 20*i**2 - 6*i + 253. Calculate x(-19).
6
Let g(k) = 11*k**2 + 520*k + 521. Determine g(-1).
12
Let t(h) = h**3 - 4*h**2 - 290*h + 1155. What is t(4)?
-5
Let f(b) = b**3 + 9*b**2 - 14*b - 102. Determine f(-10).
-62
Let z(v) = 22*v**2 - 12*v - 85. Give z(-5).
525
Let y(l) = -18*l - 91. Calculate y(-8).
53
Let f(g) = 3*g + 31. Give f(-15).
-14
Let z(m) = -407*m + 1646. What is z(4)?
18
Let i(j) = -j**3 + 15*j - 31. What is i(-4)?
-27
Let o(h) = -2*h**3 + 50*h**2 - 132*h - 7. Give o(22).
-7
Let j(c) = 6*c - 54. Calculate j(14).
30
Let r(b) = -57*b - 982. Calculate r(-17).
-13
Let z(r) = r - 49. What is z(-18)?
-67
Let z(g) = -3*g**3 - 223*g**2 - 70*g + 302. Give z(-74).
6
Let a(m) = 41*m**2 + 43*m - 174. Determine a(6).
1560
Let q(a) = -21*a + 557. What is q(13)?
284
Let t(u) = -11*u + 14. Calculate t(1).
3
Let j(i) = 5*i + 674. What is j(-124)?
54
Let k(j) = 6*j**3 - 181*j**2 + 222*j - 5758. Calculate k(30).
2
Let t(u) = 4*u**3 + 284*u**2 - 13*u - 944. What is t(-71)?
-21
Let g(f) = -23*f - 627. What is g(-27)?
-6
Let t(a) = -a**3 - 36*a**2 - 43*a - 340. Determine t(-35).
-60
Let b(y) = 3*y**3 - 26*y**2 - 24*y + 118. Give b(9).
-17
Let k(n) = 30*n - 3094. Give k(102).
-34
Let m(z) = 156*z - 2981. Give m(20).
139
Let s(w) = 2*w**3 - 17*w**2 - 15*w + 2. Calculate s(10).
152
Let r(u) = 18*u**2 + 1154*u + 131. Determine r(-64).
3
Let a(s) = -7*s**3 - 8*s**2 - 21*s - 9. Determine a(-5).
771
Let r(j) = j**2 + 17*j - 444. What is r(14)?
-10
Let u(b) = -6*b**2 - 9*b + 15. Determine u(-1).
18
Let n(q) = -q**3 - q**2 + q - 166. Calculate n(0).
-166
Let u(l) = 4*l**2 + 40*l + 23. Give u(-11).
67
Let d(j) = -j**2 - 53*j + 230. Give d(4).
2
Let o(r) = -r**2 + 22*r - 125. Calculate o(10).
-5
Let a(f) = f**2 - 11*f - 194. What is a(21)?
16
Let u(m) = -m**3 - 14*m**2 - 33*m - 1. Give u(-7).
-113
Let s(b) = 2*b**3 + 12*b**2 + 5*b - 8. Give s(-5).
17
Let j(r) = r**3 + r**2 - 12*r + 32. Give j(3).
32
Let x(o) = -431*o**2 + 3446*o - 4. Calculate x(8).
-20
Let a(d) = d**3 + 11*d**2 - 7*d + 64. What is a(-12)?
4
Let a(c) = -17*c**2 - 1039*c - 132. Give a(-61).
-10
Let u(l) = 61*l**2 - 2376*l - 117. Calculate u(39).
0
Let q(k) = -k**3 - 8*k**2 - 46*k - 234. Give q(-5).
-79
Let f(k) = 50*k + 218. Determine f(-5).
-32
Let a(t) = t**2 - 67*t + 1091. Give a(34).
-31
Let u(y) = -5*y + 10. Give u(34).
-160
Let d(m) = -m**2 + 62*m - 1036. What is d(30)?
-76
Let k(g) = -18*g**3 - 2*g**2 + 40*g + 38. What is k(-1)?
14
Let f(j) = 5*j**2 - 30*j - 147. What is f(9)?
-12
Let d(f) = -4882*f + 4859. Give d(1).
-23
Let i(u) = -42*u + 526. Determine i(4).
358
Let b(t) = -t**3 + 36*t**2 - 170*t + 45. Calculate b(30).
345
Let h(f) = f**3 + 2*f**2 + 6*f + 38. Give h(-4).
-18
Let a(l) = l**3 + 10*l**2 - 247*l - 2104. Determine a(-8).
0
Let o(m) = 69*m - 2049. Give o(22).
-531
Let q(j) = -j**3 + 54*j**2 + 232*j + 2. Calculate q(58).
2
Let y(w) = -19*w**2 + 83*w + 436. Determine y(7).
86
Let a(x) = 2*x**3 - 39*x**2 + 55*x - 23. Give a(18).
-5
Let c(r) = r**2 + 25*r - 928. What is c(20)?
-28
Let m(x) = x**2 - 7*x - 91. Determine m(12).
-31
Let x(q) = -1246*q + 4987. What is x(4)?
3
Let t(n) = -n**2 - 29*n + 591. Determine t(-45).
-129
Let r(g) = g**2 - 4*g - 6. What is r(-2)?
6
Let w(y) = -y**3 + 25*y**2 - 81*y - 18. Determine w(21).
45
Let k(h) = h**3 - 32*h**2 + 60*h + 48. Give k(30).
48
Let o(u) = 79*u + 3555. Determine o(-45).
0
Let r(a) = -13*a - 483. What is r(-41)?
50
Let o(l) = l**3 + 46*l**2 + 172*l - 31. Determine o(-42).
-199
Let k(a) = 21*a**2 - 277*a + 35. Give k(13).
-17
Let i(r) = r**2 - 275*r - 18495. Determine i(-56).
41
Let t(d) = d**2 - 11*d - 69. Give t(-6).
33
Let i(r) = 33*r + 2384. Calculate i(-73).
-25
Let o(v) = 132*v - 531. Calculate o(4).
-3
Let q(y) = -12*y - 23. Determine q(-3).
13
Let d(a) = -3*a + 34. Calculate d(2).
28
Let x(u) = -11*u**2 - 291*u + 866. Give x(3).
-106
Let d(z) = -192*z - 16520. What is d(-86)?
-8
Let h(c) = c**2 - 12*c - 393. Calculate h(-14).
-29
Let k(b) = b**3 + 29*b**2 + 80*b - 84. Give k(-26).
-136
Let i(j) = -465*j - 642. What is i(-2)?
288
Let c(n) = -2*n**3 - 5*n**2 + 6*n + 1. Determine c(2).
-23
Let o(w) = -74*w + 1852. Determine o(25).
2
Let a(u) = -177*u - 11857. Give a(-67).
2
Let u(t) = -3*t**3 - 4*t**2 + 2*t - 23. Give u(-3).
16
Let l(s) = -2*s**2 - 57*s - 285. Determine l(-16).
115
Let z(y) = 32*y**2 - 16*y - 3. Calculate z(0).
-3
Let l(o) = -2*o**3 - 41*o**2 + 12*o - 193. Give l(-21).
-4
Let p(z) = 3*z**3 - 157*z**2 + 52*z + 190. What is p(52)?
190
Let g(n) = -3*n**2 - 12*n - 31. What is g(3)?
-94
Let s(u) = -3*u**2 - 74*u + 30. Calculate s(-25).
5
Let y(f) = f**2 + 747*f - 5280. What is y(7)?
-2
Let h(f) = -37209*f - 148834. Determine h(-4).
2
Let a(r) = -115*r + 188. Determine a(2).
-42
Let z(n) = 2*n + 90. Give z(-43).
4
Let q(p) = -p**2 + 2752*p + 77839. Determine q(-28).
-1
Let n(a) = -a**3 + 8*a**2 - 44*a + 191. Calculate n(6).
-1
Let i(c) = -3*c**2 - 438*c - 4462. Determine i(-11).
-7
Let a(l) = -74*l + 434. Give a(8).
-158
Let r(k) = -2*k**3 + 14*k**2 - 18*k + 8. Give r(6).
-28
Let q(f) = 151*f**2 - 4081*f + 92. Give q(27).
-16
Let u(q) = -5*q**2 - 24*q - 10. Give u(-2).
18
Let n(k) = -17*k - 830. Calculate n(-50).
20
Let c(k) = 2*k**2 + 15*k - 78. Calculate c(10).
272
Let s(j) = 2908*j + 84340. Determine s(-29).
8
Let w(i) = -15*i - 107. Give w(-3).
-62
Let s(u) = u**3 - 62*u**2 - 126*u - 180. Determine s(64).
-52
Let g(m) = 2*m**2 + 314*m - 14361. What is g(37)?
-5
Let c(u) = -215*u. Determine c(1).
-215
Let h(o) = -43*o + 1142. Determine h(27).
-19
Let t(s) = s**2 - 33*s - 1365. Give t(54).
-231
Let x(g) = -125*g + 2588. Determine x(22).
-162
Let x(v) = -v**3 - 49*v**2 + 207*v - 267. Give x(-53).
-2
Let q(p) = 902*p**2 + 16*p + 15. Calculate q(-1).
901
Let f(c) = -3*c - 124. What is f(17)?
-175
Let f(t) = -375*t + 4476. Calculate f(12).
-24
Let s(m) = 64*m**2 + 1153*m + 15. Give s(-18).
-3
Let q(a) = -5*a**2 - 190*a - 14. Give q(-38).
-14
Let h(j) = -11*j**2 - 7*j - 2. What is h(-4)?
-150
Let r(w) = 2*w**3 + 82*w**2 + 79*w - 38. Determine r(-40).
2
Let t(h) = 68*h + 9170. Determine t(-136).
-78
Let t(o) = o**3 - 2*o**2 - 59*o + 48. Determine t(9).
84
Let y(t) = -14*t**2 + 21*t - 3. Calculate y(2).
-17
Let q(y) = 3*y**2 + 56*y + 262. Determine q(-8).
6
Let o(w) = -2*w**3 + 31*w**2 + 75*w - 1352. Give o(15).
-2
Let b(z) = -204*z - 808. Calculate b(-4).
8
Let t(i) = 3*i**2 + 16*i - 3398. Calculate t(31).
-19
Let d(h) = -5*h - 614. Give d(30).
-764
Let z(t) = -8*t**2 - 83*t + 3. Determine z(0).
3
Let j(u) = -52*u**2 + 4835*u + 65. What is j(93)?
-28
Let l(v) = -21*v - 12. What is l(2)?
-54
Let s(z) = 715*z - 9298. Determine s(13).
-3
Let q(v) = v**2 + 52*v + 37. Give q(-49).
-110
Let k(w) = 2*w**2 + 1876*w - 22789. Determine k(12).
11
Let k(b) = 40*b - 1222. Give k(31).
18
Let v(t) = -t**2 + 13*t + 48. What is v(18)?
-42
Let z(m) = -m**2 - 289*m + 3920. Determine z(13).
-6
Let x(y) = -3*y**2 - 173*y + 1582. Calculate x(8).
6
Let v(m) = m**2 - 2967*m + 23670. Determine v(8).
-2
Let y(u) = 967*u**2 + 18375*u + 42. Determine y(-19).
4
Let r(y) = 2*y**3 + 60*y**2 - y + 24. Give r(-30).
54
Let k(u) = u**2 + 58*u + 654. Give k(-43).
9
Let p